716
7c (base 13) to base 9
124
-12322 (base 7) to base 13
-1630
-12a7 (base 15) to base 11
-2aa0
-1100111001 (base 2) to base 15
-3a0
967 (base 10) to base 16
3c7
Convert -262 (base 8) to base 6.
-454
What is -10112021 (base 3) in base 12?
-15a4
What is -24410 (base 5) in base 13?
-ac9
Convert 5127 (base 12) to base 15.
292a
Convert -2035 (base 16) to base 2.
-10000000110101
What is 6056 (base 13) in base 15?
3dd8
cc (base 14) to base 11
154
1543 (base 7) to base 11
513
What is 26358 (base 9) in base 2?
100010110000000
-547 (base 9) to base 13
-286
What is -564 (base 14) in base 7?
-3054
-4b9e (base 16) to base 9
-28488
1101001001111 (base 2) to base 16
1a4f
Convert -c69 (base 13) to base 14.
-ab1
What is -1010010110 (base 2) in base 10?
-662
-a42 (base 11) to base 8
-2350
-122020 (base 3) to base 12
-329
Convert -a9b (base 12) to base 11.
-1198
Convert -21002100 (base 3) to base 14.
-1c50
6231 (base 10) to base 9
8483
Convert ca0 (base 14) to base 15.
b12
-10101111110110 (base 2) to base 3
-120102211
What is 12001 (base 3) in base 12?
b4
Convert -2879 (base 12) to base 14.
-19db
Convert 332 (base 15) to base 7.
2051
Convert 3251 (base 12) to base 13.
2698
-10d7 (base 15) to base 4
-313321
Convert -24e (base 15) to base 8.
-1014
2a4 (base 11) to base 4
11210
What is 4426 (base 11) in base 9?
8004
What is -21202200 (base 3) in base 16?
-161d
2496 (base 10) to base 16
9c0
What is -7a1 (base 12) in base 14?
-5a9
What is -9446 (base 12) in base 11?
-11181
What is 3974 (base 11) in base 12?
2ba3
What is 1235 (base 14) in base 8?
6157
Convert -10048 (base 11) to base 15.
-4548
What is -32592 (base 11) in base 12?
-2344b
Convert -25798 (base 11) to base 9.
-55540
Convert 382a1 (base 11) to base 4.
31122030
Convert 1074 (base 13) to base 2.
100011110100
-1100110011100 (base 2) to base 7
-25054
4134342 (base 5) to base 8
205001
Convert -24012 (base 5) to base 8.
-3335
What is 320232 (base 4) in base 14?
1474
What is 469 (base 10) in base 13?
2a1
What is -2272 (base 9) in base 11?
-12a2
Convert -32035 (base 8) to base 3.
-200022010
Convert 22014 (base 7) to base 3.
21112200
Convert -11044 (base 8) to base 7.
-16353
Convert 10111010101101 (base 2) to base 15.
3819
-2440 (base 6) to base 14
-30c
202 (base 14) to base 9
477
What is 920 (base 13) in base 7?
4340
-233524 (base 6) to base 4
-10330330
Convert 521 (base 12) to base 2.
1011101001
Convert 3a2 (base 14) to base 15.
33a
Convert -40300 (base 5) to base 9.
-3471
2dc (base 15) to base 4
22101
Convert -521 (base 7) to base 2.
-100000100
-6777 (base 13) to base 2
-11100001111111
What is 1a8 (base 15) in base 13?
236
1101001000111 (base 2) to base 6
51051
Convert b787 (base 13) to base 3.
1021221000
Convert -767 (base 15) to base 6.
-11424
What is 6326 (base 14) in base 5?
1021321
Convert -5880 (base 9) to base 6.
-32113
What is -34514 (base 8) in base 14?
-54ba
What is -2b0c (base 14) in base 5?
-221111
Convert 110133020 (base 4) to base 8.
243710
What is 8707 (base 12) in base 2?
11100111110111
What is -20033222 (base 4) in base 3?
-1201022202
Convert -10333 (base 4) to base 14.
-18b
What is -4425 (base 10) in base 9?
-6056
Convert -1121210 (base 3) to base 16.
-49e
Convert 1220020001 (base 3) to base 11.
26068
Convert 26313 (base 7) to base 9.
10556
-22341 (base 6) to base 10
-3157
Convert -99a (base 12) to base 11.
-1076
-78 (base 15) to base 8
-161
What is -14160 (base 7) in base 12?
-22a0
-1253 (base 6) to base 8
-501
490 (base 12) to base 2
1010101100
18 (base 15) to base 4
113
-396 (base 16) to base 3
-1021000
Convert 44a (base 12) to base 7.
1564
Convert 2211 (base 4) to base 9.
203
Convert -d5b (base 14) to base 12.
-1631
What is 1010010 (base 2) in base 7?
145
Convert -11001000000110 (base 2) to base 5.
-402211
2435 (base 12) to base 11
3073
What is -11112132 (base 4) in base 16?
-559e
What is 856 (base 11) in base 3?
1102010
-11110011011 (base 2) to base 15
-89c
Convert 5216 (base 9) to base 16.
eee
Convert -106 (base 14) to base 6.
-534
Convert 1019a (base 12) to base 9.
31721
What is 7510 (base 12) in base 8?
31034
What is 64736 (base 10) in base 3?
10021210122
What is -125a8 (base 15) in base 14?
-1753c
-103521 (base 8) to base 6
-424213
Convert -466 (base 9) to base 2.
-110000000
Convert -1001011110010 (base 2) to base 7.
-20066
1b5c (base 13) to base 12
2485
What is 7202 (base 9) in base 6?
40215
What is 1345 (base 6) in base 4?
11201
Convert 268 (base 10) to base 7.
532
What is -4a (base 11) in base 14?
-3c
What is 1274 (base 9) in base 4?
32332
What is -114 (base 7) in base 6?
-140
Convert -2201 (base 8) to base 3.
-1120201
Convert -65b7 (base 16) to base 8.
-62667
378 (base 13) to base 5
4411
What is 15260 (base 10) in base 6?
154352
-347 (base 9) to base 13
-190
17282 (base 12) to base 4
20013002
Convert -4723 (base 9) to base 15.
-1089
Convert 12001311 (base 4) to base 2.
110000001110101
-4afb (base 16) to base 15
-5a4a
What is -115b1 (base 15) in base 11?
-385a5
-32627 (base 10) to base 6
-411015
Convert -15a84 (base 12) to base 6.
-355044
Convert -1121 (base 6) to base 13.
-175
129d (base 15) to base 6
30221
-85 (base 12) to base 16
-65
11101101111010 (base 2) to base 12
898a
-461 (base 9) to base 12
-277
What is -e7b (base 16) in base 13?
-18c2
-1380 (base 9) to base 8
-2024
Convert 22c (base 15) to base 14.
272
What is -304351 (base 7) in base 11?
-36061
Convert 120203 (base 5) to base 3.
20002000
What is 13440 (base 6) in base 7?
6105
Convert -310c5 (base 13) to base 9.
-143683
-46862 (base 10) to base 12
-23152
What is 314 (base 14) in base 11?
501
What is -22559 (base 10) in base 11?
-15a49
Convert 19a (base 15) to base 4.
11302
Convert 54a (base 11) to base 5.
10114
What is -14a64 (base 11) in base 13?
-9893
Convert 4820 (base 11) to base 6.
45122
Convert 111202 (base 4) to base 5.
21003
b97 (base 15) to base 16
a39
897 (base 14) to base 4
122211
Convert -8904 (base 13) to base 6.
-224233
Convert 54054 (base 6) to base 4.
1303102
Convert 1112233 (base 4) to base 2.
1010110101111
What is 5658 (base 10) in base 7?
22332
Convert -1330213 (base 4) to base 16.
-1f27
What is 200121000 (base 3) in base 5?
413204
What is 596 (base 15) in base 11?
a51
Convert 1001010011010 (base 2) to base 8.
11232
What is -4a8 (base 11) in base 12?
-422
What is 110011 (base 4) in base 14?
67b
430 (base 7) to base 4
3121
-94 (base 14) to base 12
-aa
-2816 (base 9) to base 5
-31441
Convert 54a (base 12) to base 6.
3334
4a61 (base 16) to base 8
45141
What is 11a (base 16) in base 7?
552
What is 11010001010 (base 2) in base 11?
1292
Convert -3463 (base 14) to base 9.
-13434
Convert -32160 (base 11) to base 4.
-23122310
Convert 51263 (base 8) to base 12.
10303
-3023 (base 5) to base 3
-112101
Convert 12010 (base 4) to base 8.
604
What is -1237 (base 9) in base 10?
-925
What is 11123221 (base 4) in base 7?
121603
What is -310 (base 4) in base 11?
-48
What is -386 (base 12) in base 6?
-2250
What is -3c1 (base 14) in base 13?
-463
Convert 63734 (base 9) to base 16.
a4a7
1646 (base 9) to base 8
2351
-bc0 (base 15) to base 5
-41110
Convert -114136 (base 7) to base 16.
-50b0
Convert -302 (base 7) to base 2.
-10010101
321 (base 7) to base 8
242
What is 64b (base 14) in base 8?
2333
-1355 (base 8) to base 11
-621
Convert -453 (base 10) to base 14.
-245
What is 107d (base 16) in base 3?
12210100
1231 (base 4) to base 16
6d
2310223 (base 4) to base 16
2d2b
What is 9b2 (base 13) in base 12?
b6a
111001111011 (base 2) to base 4
321323
-5235 (base 10) to base 13
-24c9
Convert -3a6 (base 14) to base 4.
-23132
Convert 5337 (base 12) to base 8.
21633
-15012 (base 7) to base 6
-31033
What is -22100 (base 5) in base 3?
-2002111
496 (base 16) to base 12
81a
What is -59b (base 12) in base 15?
-3ae
What is 6f6 (base 16) in base 6?
12130
What is 2118 (base 9) in base 2?
11000010100
What is -1011111001110 (base 2) in base 8?
-13716
Convert 3a08 (base 14) to base 7.
41511
What is -8290 (base 10) in base 16?
-2062
Convert 11156 (base 12) to base 9.
34083
-444 (base 10) to base 9
-543
-30246 (base 8) to base 10
-12454
What is 3a (base 14) in base 15?
37
What is 31209 (base 13) in base 9?
144020
Convert -14154 (base 7) to base 12.
-2299
What is -1181 (base 11) in base 7?
-4331
Convert -5591 (base 14) to base 11.
-1015a
Convert